{"type":"video","version":"1.0","provider_name":"Network.hu","provider_url":"http:\/\/network.hu\/","title":"Marinus van der Lubbe el\u00edt\u00e9l\u00e9se","author_name":"kustragabor","author_url":"http:\/\/network.hu\/kustragabor","html":"&lt;object width=&quot;424&quot; height=&quot;345&quot;&gt;&lt;param name=&quot;movie&quot; value=&quot;http:\/\/belyeggyujto.network.hu\/flash\/videoplayer\/video.swf?videoid=713538&amp;amp;pvol=40&amp;amp;plang=hu&amp;amp;host=http:\/\/belyeggyujto.network.hu&quot; \/&gt;&lt;param name=&quot;allowscriptaccess&quot; value=&quot;always&quot; \/&gt;&lt;param name=&quot;allowfullscreen&quot; value=&quot;true&quot; \/&gt;&lt;embed src=&quot;http:\/\/belyeggyujto.network.hu\/flash\/videoplayer\/video.swf?videoid=713538&amp;amp;pvol=40&amp;amp;plang=hu&amp;amp;host=http:\/\/belyeggyujto.network.hu&quot; width=&quot;424&quot; height=&quot;345&quot; allowscriptaccess=&quot;always&quot; allowfullscreen=&quot;true&quot; \/&gt;&lt;\/object&gt;","width":424,"height":345,"description":"Kiv\u00e9gezt\u00e9k a holland Marinus van der Lubb\u00e9t, akit a Reichstag felgy\u00fajt\u00e1sa miatti perben \u00edt\u00e9ltek hal\u00e1lra.\r\n85 \u00e9ve\r\nMeghalt, T\u00f6rt\u00e9nelem\r\n1934. 01. 10.","thumbnail_url":"http:\/\/vds.network.hu\/clubvideo\/7\/1\/3\/_\/713538_47809_2.jpg","thumbnail_width":80,"thumbnail_height":60,"video_id":"713538"}

Marinus van der Lubbe elítélése

Kivégezték a holland Marinus van der Lubbét, akit a Reichstag felgyújtása miatti perben ítéltek halálra.
85 éve
Meghalt, Történelem
1934. 01. 10.
