{"type":"video","version":"1.0","provider_name":"Network.hu","provider_url":"http:\/\/network.hu\/","title":"Fert\u0151di Esterh\u00e1zy-kast\u00e9ly","author_name":"kustragabor","author_url":"http:\/\/network.hu\/kustragabor","html":"&lt;object width=&quot;424&quot; height=&quot;345&quot;&gt;&lt;param name=&quot;movie&quot; value=&quot;http:\/\/belyeggyujto.network.hu\/flash\/videoplayer\/video.swf?videoid=564417&amp;amp;pvol=40&amp;amp;plang=hu&amp;amp;host=http:\/\/belyeggyujto.network.hu&quot; \/&gt;&lt;param name=&quot;allowscriptaccess&quot; value=&quot;always&quot; \/&gt;&lt;param name=&quot;allowfullscreen&quot; value=&quot;true&quot; \/&gt;&lt;embed src=&quot;http:\/\/belyeggyujto.network.hu\/flash\/videoplayer\/video.swf?videoid=564417&amp;amp;pvol=40&amp;amp;plang=hu&amp;amp;host=http:\/\/belyeggyujto.network.hu&quot; width=&quot;424&quot; height=&quot;345&quot; allowscriptaccess=&quot;always&quot; allowfullscreen=&quot;true&quot; \/&gt;&lt;\/object&gt;","width":424,"height":345,"description":"Megsz\u00fcletett Esterh\u00e1zy (I.) Mikl\u00f3s J\u00f3zsef herceg, cs\u00e1sz\u00e1ri-kir\u00e1lyi t\u00e1bornok, a fert\u0151di kast\u00e9ly \u00e9p\u00edttet\u0151je.\r\n300 \u00e9ve\r\nMagyar, Sz\u00fcletett, T\u00f6rt\u00e9nelem\r\n1714. 12. 18.\r\n\r\n1741-ben katonai p\u00e1ly\u00e1ra l\u00e9pett. Cs\u00e1sz\u00e1ri \u00e9s kir\u00e1lyi kamar\u00e1s \u00e9s ezredes lett. A szil\u00e9ziai h\u00e1bor\u00faban a poroszok ellen vonult hadba. R\u00e9szt vett a strigaui \u00e9s trautenaui csat\u00e1ban, harcolt N\u00e9metalf\u00f6ld\u00f6n is. 1747-ben m\u00e1r vez\u00e9r\u0151rnagyi rangot viselt. 1757-ben a kol\u00edni csat\u00e1ban rendk\u00edv\u00fcli h\u0151siess\u00e9g\u00e9vel t\u0171nt ki, az osztr\u00e1kok jav\u00e1ra ford\u00edtotta a harc kimenetel\u00e9t. K\u00e9tszer t\u00fcntett\u00e9k ki a M\u00e1ria Ter\u00e9zia-renddel. 1759-ben alt\u00e1bornaggy\u00e1 l\u00e9ptett\u00e9k el\u0151. 1762-ben a Magyar Kir\u00e1lys\u00e1g fels\u0151 kamar\u00e1sa lett. 1763-ban az Aranygyapjas rend lovagj\u00e1v\u00e1 avatt\u00e1k. \u0150 volt az \u00f6t\u00f6dik Esterh\u00e1zy herceg. 1768-ban M\u00e1ria Ter\u00e9zia kir\u00e1lyn\u0151 t\u00e1bornaggy\u00e1 nevezte ki. Kast\u00e9ly\u00e1ban 1770-t\u0151l kezdve folyamatosan tartottak nagyszab\u00e1s\u00fa Esterh\u00e1zy-vigass\u00e1gokat: oper\u00e1kat mutattak be, vad\u00e1szatokat, lakom\u00e1kat, t\u00e1ncest\u00e9lyeket \u00e9s t\u0171zij\u00e1t\u00e9kokat rendeztek, a prominens vend\u00e9gsereg sz\u00f3rakoztat\u00e1s\u00e1ra. Itteni \u00e9lm\u00e9nyei megihlett\u00e9k Goeth\u00e9t is, aki \u201eEsterh\u00e1zy-t\u00fcnd\u00e9rbirodalom\u201d-k\u00e9nt jellemezte az \u00fcnneps\u00e9geket. ","thumbnail_url":"http:\/\/vds.network.hu\/clubvideo\/5\/6\/4\/_\/564417_17244_2.jpg","thumbnail_width":80,"thumbnail_height":60,"video_id":"564417"}

Fertődi Esterházy-kastély

Megszületett Esterházy (I.) Miklós József herceg, császári-királyi tábornok, a fertődi kastély építtetője.
300 éve
Magyar, Született, Történelem
1714. 12. 18.

1741-ben katonai pályára lépett. Császári és királyi kamarás és ezredes lett. A sziléziai háborúban a poroszok ellen vonult hadba. Részt vett a strigaui és trautenaui csatában, harcolt Németalföldön is. 1747-ben már vezérőrnagyi rangot viselt. 1757-ben a kolíni csatában rendkívüli hősiességével tűnt ki, az osztrákok javára fordította a harc kimenetelét. Kétszer tüntették ki a Mária Terézia-renddel. 1759-ben altábornaggyá léptették elő. 1762-ben a Magyar Királyság felső kamarása lett. 1763-ban az Aranygyapjas rend lovagjává avatták. Ő volt az ötödik Esterházy herceg. 1768-ban Mária Terézia királynő tábornaggyá nevezte ki. Kastélyában 1770-től kezdve folyamatosan tartottak nagyszabású Esterházy-vigasságokat: operákat mutattak be, vadászatokat, lakomákat, táncestélyeket és tűzijátékokat rendeztek, a prominens vendégsereg szórakoztatására. Itteni élményei megihlették Goethét is, aki „Esterházy-tündérbirodalom”-ként jellemezte az ünnepségeket.
