{"type":"video","version":"1.0","provider_name":"Network.hu","provider_url":"http:\/\/network.hu\/","title":"Vizkereszt","author_name":"kustragabor","author_url":"http:\/\/network.hu\/kustragabor","html":"&lt;object width=&quot;424&quot; height=&quot;345&quot;&gt;&lt;param name=&quot;movie&quot; value=&quot;http:\/\/belyeggyujto.network.hu\/flash\/videoplayer\/video.swf?videoid=501428&amp;amp;pvol=40&amp;amp;plang=hu&amp;amp;host=http:\/\/belyeggyujto.network.hu&quot; \/&gt;&lt;param name=&quot;allowscriptaccess&quot; value=&quot;always&quot; \/&gt;&lt;param name=&quot;allowfullscreen&quot; value=&quot;true&quot; \/&gt;&lt;embed src=&quot;http:\/\/belyeggyujto.network.hu\/flash\/videoplayer\/video.swf?videoid=501428&amp;amp;pvol=40&amp;amp;plang=hu&amp;amp;host=http:\/\/belyeggyujto.network.hu&quot; width=&quot;424&quot; height=&quot;345&quot; allowscriptaccess=&quot;always&quot; allowfullscreen=&quot;true&quot; \/&gt;&lt;\/object&gt;","width":424,"height":345,"description":"V\u00edzkereszt napja Krisztus Jord\u00e1n viz\u00e9ben val\u00f3 megkeresztel\u00e9s\u00e9nek eml\u00e9k\u00e9re.\r\n1981 \u00e9ve\r\n\u00dcnnep\r\n33. 01. 06.\r\nEzen a napon volt a h\u00e1zszentel\u00e9s, \u00e9s ilyenkor \u00edrt\u00e1k fel a h\u00e1rom napkeleti kir\u00e1ly nev\u00e9nek kezd\u0151bet\u0171j\u00e9t az ajt\u00f3ra. M\u00e1r a XV. sz\u00e1zadban jellegzetes magyar szok\u00e1s volt a paps\u00e1g v\u00edzkereszt napi alamizsnagy\u0171jt\u00e9se. Krisztus Jord\u00e1n viz\u00e9ben val\u00f3 megkeresztel\u00e9s\u00e9nek, melynek eml\u00e9k\u00e9re orsz\u00e1gszerte szok\u00e1s volt a v\u00edz- \u00e9s h\u00e1zszentel\u00e9s. A megszentelt v\u00edzzel m\u00e9g aznap behintett\u00e9k az \u00e1llatokat, meglocsolt\u00e1k az ist\u00e1ll\u00f3 sarkait, az \u00f3lakat, az udvart, hogy megel\u0151zz\u00e9k a bajt, betegs\u00e9geket. H\u00e1zszentel\u00e9skor a pap megszentelte, megf\u00fcst\u00f6lte a h\u00e1zat, ut\u00e1na az ajt\u00f3ra fel\u00edrt\u00e1k a G.M.B. bet\u0171ket, a h\u00e1romkir\u00e1lyok nev\u00e9nek kezd\u0151bet\u0171it, \u00e9s az esed\u00e9kes \u00e9vsz\u00e1mot. \u00cdgy v\u00e9lt\u00e9k elker\u00fclni a vill\u00e1mcsap\u00e1st, a ront\u00e1st, \u00e9s \u00e1ltal\u00e1nos v\u00e9delmet biztos\u00edtottak maguknak. A XVI. sz\u00e1zad \u00f3ta dokument\u00e1lt szok\u00e1s a csillagoz\u00e1s \u00e9s a csillag\u00e9nek \u00e9nekl\u00e9se. Egyes vid\u00e9keken a mai napig is j\u00e1rnak gyermekek csillaggal h\u00e1romkir\u00e1lyok k\u00e9p\u00e9ben k\u00f6sz\u00f6nteni.","thumbnail_url":"http:\/\/vds.network.hu\/clubvideo\/5\/1\/_\/501428_52057_1.jpg","thumbnail_width":80,"thumbnail_height":60,"video_id":"501428"}

Vízkereszt napja Krisztus Jordán vizében való megkeresztelésének emlékére.
1981 éve
Ünnep
33. 01. 06.
Ezen a napon volt a házszentelés, és ilyenkor írták fel a három napkeleti király nevének kezdőbetűjét az ajtóra. Már a XV. században jellegzetes magyar szokás volt a papság vízkereszt napi alamizsnagyűjtése. Krisztus Jordán vizében való megkeresztelésének, melynek emlékére országszerte szokás volt a víz- és házszentelés. A megszentelt vízzel még aznap behintették az állatokat, meglocsolták az istálló sarkait, az ólakat, az udvart, hogy megelőzzék a bajt, betegségeket. Házszenteléskor a pap megszentelte, megfüstölte a házat, utána az ajtóra felírták a G.M.B. betűket, a háromkirályok nevének kezdőbetűit, és az esedékes évszámot. Így vélték elkerülni a villámcsapást, a rontást, és általános védelmet biztosítottak maguknak. A XVI. század óta dokumentált szokás a csillagozás és a csillagének éneklése. Egyes vidékeken a mai napig is járnak gyermekek csillaggal háromkirályok képében köszönteni.
