{"type":"video","version":"1.0","provider_name":"Network.hu","provider_url":"http:\/\/network.hu\/","title":"Wessel\u00e9nyi Mikl\u00f3s szobr\u00e1nak visszahelyez\u00e9se","author_name":"kustragabor","author_url":"http:\/\/network.hu\/kustragabor","html":"&lt;object width=&quot;424&quot; height=&quot;345&quot;&gt;&lt;param name=&quot;movie&quot; value=&quot;http:\/\/belyeggyujto.network.hu\/flash\/videoplayer\/video.swf?videoid=500457&amp;amp;pvol=40&amp;amp;plang=hu&amp;amp;host=http:\/\/belyeggyujto.network.hu&quot; \/&gt;&lt;param name=&quot;allowscriptaccess&quot; value=&quot;always&quot; \/&gt;&lt;param name=&quot;allowfullscreen&quot; value=&quot;true&quot; \/&gt;&lt;embed src=&quot;http:\/\/belyeggyujto.network.hu\/flash\/videoplayer\/video.swf?videoid=500457&amp;amp;pvol=40&amp;amp;plang=hu&amp;amp;host=http:\/\/belyeggyujto.network.hu&quot; width=&quot;424&quot; height=&quot;345&quot; allowscriptaccess=&quot;always&quot; allowfullscreen=&quot;true&quot; \/&gt;&lt;\/object&gt;","width":424,"height":345,"description":"A honv\u00e9d csapatok bevonul\u00e1s\u00e1nak m\u00e1sodik \u00e9vfordul\u00f3j\u00e1n leplezt\u00e9k le ism\u00e9t Zilah f\u0151ter\u00e9n Erd\u00e9ly nagy fi\u00e1nak, Wessel\u00e9nyi Mikl\u00f3snak \u00e9rcszobr\u00e1t, Fadrusz J\u00e1nos alkot\u00e1s\u00e1t. A szobrot a megsz\u00e1ll\u00e1s alatt ismeretlen tettesek led\u00f6nt\u00f6tt\u00e9k. A mer\u00e9nylet ut\u00e1n a zilahi magyars\u00e1g elrejtette, hogy megmentse a beolvaszt\u00e1st\u00f3l. Az \u00fcnnepi besz\u00e9det Szinyei Merse Jen\u0151 kultuszminiszter mondotta: \u201eDe Wessel\u00e9nyi p\u00e9ld\u00e1t mutat, hogy minden\u00fctt ott legy\u00fcnk, ahol veszedelemben forog a magyar \u00e9let. A pesti \u00e1rv\u00edz alkalm\u00e1val \u0151 volt a h\u00edres \u00e1rv\u00edzi haj\u00f3s, aki a magyar \u00e9let megment\u00e9se \u00e9rdek\u00e9ben, szembe mert sz\u00e1llni az elemek haragj\u00e1val. Nagyszer\u0171 f\u00e9rfi er\u0151it \u00e9s lobog\u00f3 lelk\u00e9t b\u0151s\u00e9gesen \u00e1ldozta, pazarolta orsz\u00e1g\u00e1nak, nemzet\u00e9nek \u00e9s n\u00e9p\u00e9nek \u00e9rdek\u00e9ben","thumbnail_url":"http:\/\/vds.network.hu\/clubvideo\/5\/_\/500457_41388_2.jpg","thumbnail_width":80,"thumbnail_height":60,"video_id":"500457"}

Wesselényi Miklós szobrának visszahelyezése

A honvéd csapatok bevonulásának második évfordulóján leplezték le ismét Zilah főterén Erdély nagy fiának, Wesselényi Miklósnak ércszobrát, Fadrusz János alkotását. A szobrot a megszállás alatt ismeretlen tettesek ledöntötték. A merénylet után a zilahi magyarság elrejtette, hogy megmentse a beolvasztástól. Az ünnepi beszédet Szinyei Merse Jenő kultuszminiszter mondotta: „De Wesselényi példát mutat, hogy mindenütt ott legyünk, ahol veszedelemben forog a magyar élet. A pesti árvíz alkalmával ő volt a híres árvízi hajós, aki a magyar élet megmentése érdekében, szembe mert szállni az elemek haragjával. Nagyszerű férfi erőit és lobogó lelkét bőségesen áldozta, pazarolta országának, nemzetének és népének érdekében
